 2, what is -111111111101011 + -100011?
-1000000000001110
In base 4, what is -30023313 - -2?
-30023311
In base 12, what is 4948 - -56?
49a2
In base 12, what is -132680 - -4?
-132678
In base 5, what is 40 + -1144343?
-1144303
In base 15, what is 0 - 6dc9?
-6dc9
In base 14, what is a8a + -203?
887
In base 2, what is 100 + 10000000001111?
10000000010011
In base 2, what is 1 + -111011110010?
-111011110001
In base 4, what is -1110 - 113021?
-120131
In base 6, what is 2 - 4143421?
-4143415
In base 15, what is -7400 + 4?
-73eb
In base 2, what is 100 + -1000011010011?
-1000011001111
In base 5, what is -4234 - -42?
-4142
In base 9, what is -16 + -65141?
-65157
In base 7, what is 2065542 + -2?
2065540
In base 12, what is -4 - -1a8bb?
1a8b7
In base 7, what is 214 + 416?
633
In base 3, what is 210000 - 20?
202210
In base 12, what is 59808a + 2?
598090
In base 13, what is 8c1 + 10?
901
In base 10, what is -200 + 206?
6
In base 5, what is 12000221 + 0?
12000221
In base 16, what is 578bf + 5?
578c4
In base 15, what is -311 + -67?
-378
In base 9, what is -403803 + 4?
-403788
In base 10, what is -8453 - -4?
-8449
In base 10, what is -175935 + 4?
-175931
In base 2, what is 10101001000111111 + -11?
10101001000111100
In base 5, what is -2241 + 1024314?
1022023
In base 13, what is -1a38a + -3?
-1a390
In base 9, what is 461 + -42?
418
In base 11, what is -80aaa - -2?
-80aa8
In base 2, what is -11010 + -100111010000100100?
-100111010000111110
In base 6, what is -3 - -1034350?
1034343
In base 10, what is -4440 + -20?
-4460
In base 10, what is -64854 + -16?
-64870
In base 12, what is 2 - 8411?
-840b
In base 3, what is -102012001 + 2?
-102011222
In base 10, what is -764 - 67?
-831
In base 14, what is 5 + 24343?
24348
In base 5, what is -2044330 - -21?
-2044304
In base 11, what is -8 - -9293?
9286
In base 13, what is 373c + -118?
3624
In base 5, what is -1 - 3243022?
-3243023
In base 11, what is 1 - -15166?
15167
In base 3, what is -12 - -22211222?
22211210
In base 5, what is 134 - -4112114?
4112303
In base 10, what is 17091 + -1?
17090
In base 2, what is 101 - 110000010110110100?
-110000010110101111
In base 13, what is 5b7 + -3c3?
1c4
In base 4, what is 1 - -1220022233?
1220022300
In base 2, what is -100110000 - -110110100111?
110001110111
In base 3, what is 12101020200 - -22?
12101020222
In base 14, what is -448d0 - -2?
-448cc
In base 10, what is -29 + -66?
-95
In base 11, what is -4014 - -50?
-3a74
In base 16, what is 7 + -101c4?
-101bd
In base 8, what is -14 - -106552?
106536
In base 13, what is -98ba5 + 1?
-98ba4
In base 7, what is -11 - -2623226?
2623215
In base 3, what is 1111 - -102012?
110200
In base 12, what is -b15a + -32?
-b190
In base 9, what is 0 + 353778?
353778
In base 11, what is -1 - 11a338?
-11a339
In base 6, what is -120 - -42?
-34
In base 2, what is -10 - 1110011000100101?
-1110011000100111
In base 4, what is -3 - 132332223?
-132332232
In base 9, what is -13 + -50065?
-50078
In base 6, what is -1 - -552124?
552123
In base 2, what is 1000011110101 + -100101?
1000011010000
In base 7, what is 2452 + -4?
2445
In base 11, what is -4a695 + 1?
-4a694
In base 5, what is -21031112 + 1?
-21031111
In base 3, what is 10 + -10222012200?
-10222012120
In base 4, what is -102201 + -30?
-102231
In base 14, what is 49 + -c75?
-c2a
In base 7, what is 10 + 236111?
236121
In base 12, what is -94136 + 0?
-94136
In base 13, what is -3324 - -7?
-331a
In base 5, what is -110400114 - 11?
-110400130
In base 11, what is 44 - -983?
a17
In base 9, what is 27515 + 75?
27601
In base 8, what is -2 + -15616?
-15620
In base 9, what is 8424 + -84?
8330
In base 2, what is 1 - -10010000110010010?
10010000110010011
In base 11, what is -190a - 3?
-1912
In base 14, what is a0bcb + -3?
a0bc8
In base 11, what is 21 + -2046?
-2025
In base 6, what is -102 + -50202?
-50304
In base 16, what is 7 - -a215?
a21c
In base 5, what is 43 + 2402?
3000
In base 6, what is 104 - 14?
50
In base 12, what is -1 + -10a71?
-10a72
In base 3, what is -11111012001 - -1?
-11111012000
In base 7, what is 124361623 + -2?
124361621
In base 6, what is -1 + 1035350?
1035345
In base 13, what is 4 + 352b6?
352ba
In base 14, what is -37a3 - -46?
-375b
In base 14, what is 131 - -5598?
56c9
In base 13, what is b - 6683?
-6675
In base 16, what is -22 + -d6f7?
-d719
In base 7, what is -64643 - -11?
-64632
In base 3, what is -101201122111 + -12?
-101201122200
In base 5, what is 10 + -2031212?
-2031202
In base 15, what is -1 + -d572?
-d573
In base 4, what is -2002 + -2032?
-10100
In base 8, what is -63 - 4003?
-4066
In base 9, what is 1001 - -138?
1140
In base 5, what is -1201 - -10413?
4212
In base 5, what is 0 + 1121443?
1121443
In base 16, what is 3f1034 + 0?
3f1034
In base 11, what is -84 - 272?
-346
In base 14, what is 132dc3 - -4?
132dc7
In base 3, what is 2212101022 + -2?
2212101020
In base 15, what is -29 - -118?
de
In base 10, what is -1384273 + 5?
-1384268
In base 8, what is -161 - 71630?
-72011
In base 3, what is -20121 + -12102?
-110000
In base 8, what is 0 + 307236?
307236
In base 6, what is -41101 - 135?
-41240
In base 15, what is -d2 + -282?
-364
In base 7, what is 56 + 13600?
13656
In base 5, what is 400 - -132221?
133121
In base 2, what is -111 - 100011010111000?
-100011010111111
In base 6, what is -533 - 1103?
-2040
In base 13, what is -3 + 3a7a4?
3a7a1
In base 3, what is 101100 - 1012?
100011
In base 10, what is -18228 + -2?
-18230
In base 8, what is -13503 - 5?
-13510
In base 6, what is 504 + -14125?
-13221
In base 2, what is 10010 - -1101010001010?
1101010011100
In base 6, what is 410430152 + 3?
410430155
In base 15, what is -3c16 - -5?
-3c11
In base 13, what is 944 - c8?
849
In base 7, what is -65033 - -214?
-64516
In base 8, what is 5313 - -2043?
7356
In base 15, what is -1 + -a0e19?
-a0e1a
In base 6, what is -4050212 - -34?
-4050134
In base 4, what is 211011 + 121?
211132
In base 6, what is 22 - -12324?
12350
In base 15, what is d859 + 7b?
d8d5
In base 16, what is 14f8 - -5d?
1555
In base 11, what is -809a + -3?
-80a2
In base 2, what is -100001 + -1111001011000?
-1111001111001
In base 15, what is -1ad964 - -2?
-1ad962
In base 16, what is 1 - -79905?
79906
In base 12, what is 101 - -3850?
3951
In base 6, what is -40 + 104042?
104002
In base 11, what is 9 + 620737?
620745
In base 14, what is 285a + 6?
2862
In base 14, what is -bc - -b?
-b1
In base 10, what is -58056 - 13?
-58069
In base 6, what is -243 + -4245?
-4532
In base 6, what is 40343354 + 1?
40343355
In base 13, what is -8ac + -110?
-9bc
In base 8, what is 540 - 33?
505
In base 11, what is -142 - -1526?
1394
In base 14, what is -3 - 12069?
-1206c
In base 3, what is 11 + 111221011?
111221022
In base 13, what is -212 + -19a?
-3ac
In base 8, what is 1734 - -5?
1741
In base 5, what is 40114 - 322?
34242
In base 6, what is -1013241 - 4?
-1013245
In base 16, what is 9 + 141e?
1427
In base 15, what is -91c + 12a?
-7e2
In base 15, what is 103 + -2?
101
In base 4, what is 1 + -1230033?
-1230032
In base 13, what is 841bc + 9?
841c8
In base 9, what is -2 - 47322?
-47324
In base 12, what is 3 - 421284?
-421281
In base 11, what is -285 - -314?
3a
In base 6, what is -304433 + -100?
-304533
In base 6, what is 5 - -121214?
121223
In base 10, what is -33 - -44?
11
In base 14, what is 21 + 517?
538
In base 8, what is -4 + 30307?
30303
In base 16, what is -2d4 - 468?
-73c
In base 13, what is -ab3ac + -2?
-ab3b1
In base 15, what is -1676 - -8?
-166d
In base 14, what is -10b5 - -77?
-103c
In base 4, what is -310200 - 21?
-310221
In base 15, what is 15030 + 4?
15034
In base 7, what is 1140 + 55?
1225
In base 2, what is -111 - 110010111?
-110011110
In base 9, what is -7 + -5063?
-5071
In base 7, what is -6634064 + 3?
-6634061
In base 2, what is -111101 - 110111010110?
-111000010011
In base 2, what is -1011110100010001 + 1111000?
-1011110010011001
In base 15, what is -2 + -cc37c?
-cc37e
In base 12, what is 561 + 323?
884
In base 10, what is 382 + -626?
-244
In base 9, what is -86 - 1234?
-1331
In base 2, what is 110111110 + 10110001111?
11101001101
In base 6, what is -210231 - -1?
-210230
In base 6, what is 5 + 142052?
142101
In base 3, what is -2 - -112212021122?
112212021120
In base 13, what is -aa4 + -4?
-aa8
In base 16, what is -4a4f0 - -2?
-4a4ee
In base 2, what i